common divisor of 209668 and 39836?
92
What is the highest common factor of 2290 and 31805?
5
Calculate the greatest common factor of 107150624 and 80.
16
Calculate the highest common divisor of 72704 and 288768.
1024
What is the highest common divisor of 186276 and 382812?
228
Calculate the highest common divisor of 154 and 1089227062.
154
What is the highest common divisor of 1546212 and 147412?
1076
What is the highest common factor of 117 and 34212243?
39
Calculate the greatest common factor of 29529 and 153.
153
What is the highest common divisor of 6993180 and 14940?
180
What is the highest common factor of 77272300 and 13216?
1652
Calculate the greatest common divisor of 18486311 and 493.
29
Calculate the greatest common divisor of 1707838309 and 18938.
9469
What is the highest common divisor of 290088 and 1106?
158
What is the greatest common factor of 49533 and 597531?
627
What is the greatest common divisor of 36 and 9541890?
18
What is the greatest common factor of 15616 and 199409?
61
Calculate the highest common divisor of 24200 and 194447.
121
What is the highest common divisor of 55181309 and 1?
1
Calculate the highest common divisor of 17633 and 13896407.
1603
Calculate the highest common factor of 552 and 1611265.
23
Calculate the greatest common divisor of 4278 and 13872174.
138
What is the greatest common factor of 32 and 21653176?
8
What is the highest common factor of 181317761 and 4881?
1627
What is the highest common factor of 2068152 and 7752?
408
Calculate the highest common divisor of 49149 and 3043809.
1143
What is the greatest common factor of 183489 and 3782?
31
Calculate the highest common factor of 5909 and 358359.
19
Calculate the greatest common factor of 172215 and 11475.
45
Calculate the greatest common divisor of 1794851 and 7483.
1069
What is the highest common factor of 51358537 and 636?
53
Calculate the greatest common divisor of 7165907 and 4214.
2107
Calculate the highest common divisor of 2861634 and 3958.
3958
Calculate the greatest common divisor of 55263 and 305045.
169
Calculate the greatest common factor of 36685 and 1060965.
145
What is the highest common divisor of 24101 and 4931941?
2191
Calculate the greatest common divisor of 29980 and 33380.
20
Calculate the greatest common factor of 52512385 and 1199.
109
What is the highest common factor of 3454 and 17099027?
1727
What is the greatest common factor of 126 and 157035354?
42
What is the highest common factor of 4945 and 7572865?
115
What is the greatest common factor of 7233033 and 3?
3
Calculate the highest common divisor of 3034353 and 103359.
393
What is the highest common divisor of 1788 and 14101062?
894
What is the greatest common divisor of 26321713 and 14432?
451
What is the highest common factor of 64387609 and 58201?
1573
Calculate the greatest common factor of 1050 and 197232.
42
What is the highest common divisor of 156837 and 5818880?
2273
Calculate the greatest common factor of 760621551 and 3282.
1641
What is the highest common factor of 11136 and 784218?
174
Calculate the highest common factor of 31775 and 458025.
775
Calculate the greatest common factor of 456 and 8743648.
152
Calculate the greatest common factor of 122694 and 53011673.
1573
What is the greatest common factor of 1808000 and 1875?
125
Calculate the highest common factor of 32921300 and 5.
5
What is the greatest common factor of 162222 and 46113?
57
What is the greatest common factor of 320 and 6271820?
20
What is the greatest common factor of 552 and 1073433?
69
Calculate the greatest common factor of 5202 and 1017360.
18
Calculate the highest common divisor of 108 and 730274562.
54
Calculate the highest common divisor of 711021 and 801.
267
Calculate the highest common factor of 220 and 2264540.
20
What is the highest common divisor of 405 and 2669796?
9
Calculate the greatest common divisor of 2154370 and 1301506.
4442
What is the greatest common factor of 3260366 and 296?
74
What is the greatest common factor of 925 and 3049200?
25
Calculate the highest common factor of 23334077 and 39.
13
Calculate the highest common factor of 1805611724 and 532.
532
Calculate the highest common divisor of 227268192 and 32.
32
What is the highest common factor of 1107 and 24264210?
123
What is the greatest common divisor of 4645948 and 80?
4
What is the highest common factor of 4 and 7831204?
4
Calculate the greatest common divisor of 99638 and 395164.
154
What is the highest common factor of 44598432 and 3288?
3288
Calculate the highest common factor of 36 and 1224710.
2
Calculate the greatest common divisor of 267 and 1250487291.
267
What is the highest common factor of 34496 and 109550?
14
Calculate the greatest common divisor of 236245 and 4.
1
Calculate the highest common divisor of 153 and 2007351.
9
What is the highest common factor of 145841 and 4632779?
3103
Calculate the highest common factor of 73870976 and 217088.
6784
Calculate the greatest common divisor of 144856544 and 8.
8
Calculate the highest common divisor of 141012 and 2772.
36
What is the highest common divisor of 280862 and 101890?
886
Calculate the greatest common factor of 86033270 and 10475.
2095
What is the greatest common factor of 1128 and 1323896?
376
Calculate the highest common factor of 103646 and 47752214.
3574
Calculate the greatest common divisor of 1384629 and 132870.
309
Calculate the greatest common divisor of 646200 and 73170.
90
Calculate the highest common divisor of 1588 and 62006636.
1588
What is the greatest common factor of 122 and 32450292?
122
Calculate the highest common factor of 23705 and 8455.
5
Calculate the greatest common factor of 128466 and 258681114.
9882
What is the greatest common divisor of 65896 and 12424?
8
Calculate the highest common divisor of 696438 and 40554.
54
What is the greatest common divisor of 4065 and 5155?
5
Calculate the highest common factor of 1224 and 1128324.
204
What is the highest common factor of 40655 and 287687?
47
What is the highest common factor of 4613 and 32851?
7
What is the highest common divisor of 8529160 and 160?
40
Calculate the highest common factor of 763 and 302232.
7
What is the greatest common divisor of 310939 and 2036065?
1301
Calculate the highest common factor of 8690 and 44842138.
1738
Calculate the highest common factor of 1118 and 809862.
86
What is the highest common divisor of 116354 and 93240?
14
Calculate the greatest common factor of 34272 and 4144464.
2448
Calculate the highest common factor of 4371840955 and 85.
85
What is the highest common divisor of 111597069 and 37?
37
Calculate the highest common factor of 157 and 43886838.
157
What is the highest common factor of 596233 and 109076?
737
What is the highest common factor of 2 and 3929062?
2
Calculate the highest common divisor of 1509720 and 102120.
2760
Calculate the highest common divisor of 14067 and 8169801.
1563
What is the highest common factor of 34830334 and 88?
22
Calculate the greatest common divisor of 113175090 and 3780.
1890
What is the greatest common divisor of 7182 and 1876174?
38
Calculate the greatest common divisor of 1149535 and 13410.
745
What is the highest common factor of 221923 and 348816?
559
What is the greatest common divisor of 265259 and 32338?
437
Calculate the greatest common divisor of 1479140 and 115.
5
What is the greatest common divisor of 418 and 3746534?
418
What is the highest common factor of 140 and 9105380?
20
Calculate the highest common divisor of 56903248 and 66108.
3148
Calculate the highest common divisor of 3384938 and 67541.
493
What is the greatest common divisor of 6 and 119557677?
3
What is the highest common divisor of 2490 and 3301657?
83
Calculate the greatest common divisor of 5362 and 243971.
2681
What is the highest common divisor of 4 and 8581854?
2
Calculate the highest common divisor of 362 and 947934829.
181
Calculate the highest common factor of 459 and 4967.
1
Calculate the highest common factor of 55247 and 173399.
547
Calculate the greatest common divisor of 219 and 240459.
3
Calculate the highest common factor of 133504 and 4845778.
2086
What is the highest common factor of 816 and 177222756?
204
What is the greatest common factor of 53461911 and 771?
771
What is the greatest common